 w = -3825 - -4233. What is the remainder when w is divided by 102?
0
Let x(a) = -a**3 - 5*a**2 + 20*a + 68. What is the remainder when 1999 is divided by x(-7)?
23
Suppose 3*j + 252 = -2*i, 3*i = 4*i + 3. Let m = -74 - j. What is the remainder when 47 is divided by m?
7
Suppose 20*p + 640 = m + 23*p, -2*p + 1272 = 2*m. Calculate the remainder when m is divided by 63.
4
Suppose 5*n = -2*z + 40175, 1610 - 9668 = -n - 5*z. What is the remainder when n is divided by 309?
308
Suppose -8*a + 32 = -0*a. Suppose -3*t - 3*n + 586 = 2*n, -2*n + 772 = a*t. What is the remainder when t is divided by 39?
36
Suppose 5*m - 108 - 12 = 0. Suppose -140*s + 14*s + 21042 = 0. What is the remainder when s is divided by m?
23
Suppose 3*a - 5*u - 191 = -7*u, 0 = 5*a + 5*u - 315. Calculate the remainder when 229 is divided by a.
34
Suppose -2*u = -3*h + 180, -u + 197 = 2*h + 77. What is the remainder when h is divided by 21?
18
Let j = -17001 - -17238. Calculate the remainder when j is divided by 15.
12
Let s(g) = 10*g**2 - g + 2. Suppose -59*n + 48*n - 913 = 0. Calculate the remainder when s(2) is divided by n/(-5) + (-10)/(-25) + -2.
10
Suppose 1326 - 6156 = -6*k. Let g = k - 560. Calculate the remainder when g is divided by 50.
45
Suppose -2*z = f + 8 + 2, 5*f = 3*z - 24. What is the remainder when 106 is divided by ((-440)/(-9))/4 + f/27?
10
Let n = 3687 - 3446. What is the remainder when n is divided by 37?
19
What is the remainder when -5 + 5 + (891 - -4) is divided by 50?
45
Let h = 8572 + -8551. What is the remainder when 151 is divided by h?
4
Let r be (-10)/6 + 824/12. Suppose 0 = r*z - 73*z + 48. What is the remainder when 25 is divided by z?
1
Let g(v) = -17*v + 23*v - 7*v - 20. What is the remainder when 62 is divided by g(-40)?
2
Let w(b) = -2*b**2 + 34*b + 7. Let l(z) = z. Let j be l(17). Let m be w(j). What is the remainder when 31 is divided by (-24)/56 + 143/m?
11
Suppose 4*q - 3*x + 22 - 122 = 0, -5*q = -x - 125. Suppose -4470*d - 6944 = -4501*d. What is the remainder when d is divided by q?
24
Let d(w) = 522*w**3 + 20*w**2 - 50*w + 2. Calculate the remainder when d(2) is divided by 10.
8
Suppose 0 = -4*u - u + 20. Let b be (-640)/(-6) + -6 - u/6. Let o = b + -90. Calculate the remainder when 24 is divided by o.
4
Suppose 1777*d + 470*d - 435918 = 0. Let i = -50 + 103. What is the remainder when d is divided by i?
35
Let g(a) = -a**2 + 34*a - 262. What is the remainder when 290 is divided by g(17)?
20
Let a = 112 + -215. Let f = 106 + a. Calculate the remainder when 6 is divided by f.
0
Let b be 2 - (6 + -4) - (-1 - 3). Suppose -130 = -h - b*j, 4*j = -h + 5*h - 620. Calculate the remainder when h is divided by 14.
10
Let l = 23737 + -23717. What is the remainder when 3234 is divided by l?
14
Let j(l) = 3*l**2 - 68*l - 31. Let z be j(23). Calculate the remainder when 203 is divided by 4/(2*z/(-24)).
5
Suppose 0 = 3*u - 0*u - 1446. Suppose -u = -12*n + 790. Let x = 123 - n. What is the remainder when x is divided by 9?
8
Let l(i) = 4*i**2 - 7*i - 5. Let d be (2/(-3) - -1)*(-36 + 24). Let y(w) = w**3 + 8*w**2 - 5*w + 4. Calculate the remainder when l(d) is divided by y(-8).
43
Let q = 310 + -55. Let p be (q/(-9))/((-5)/(-15)). Let z = 24 - p. What is the remainder when z is divided by 37?
35
Let u = 7069 - 5528. Calculate the remainder when u is divided by 18.
11
Let g be -4*(-2 - -1) + -4 - 1. Let s be ((2 - 6) + -43)*g. What is the remainder when s + 1/((-2)/8) is divided by 22?
21
Suppose 0 = -15*f - 7*f + 88. Suppose 2*g = 5*m + 29, 2*g + 2 = f*g + 4*m. What is the remainder when 27 is divided by g?
6
What is the remainder when 3478 is divided by (1323/18)/((-3)/(-2))?
48
Let o(k) be the first derivative of -13*k**2/2 - 21*k - 22. What is the remainder when 24 is divided by o(-3)?
6
Suppose -214*d + 218*d - 4 = 0, 2*d - 117 = -5*k. Calculate the remainder when 26724 is divided by k.
21
Let n(w) = w**3 - 10*w**2 + 23*w - 10. Let u be n(7). Calculate the remainder when 38 is divided by ((-2)/u)/(-2 - 59/(-30)).
8
Suppose 29*r = 12*r + 1717. Calculate the remainder when r is divided by -1*4/14 - 1856/(-224).
5
Suppose -62*y + 711355 = 170*y - 1156477. Calculate the remainder when y is divided by 11.
10
Let i = -22747 - -22931. Calculate the remainder when i is divided by 7.
2
Suppose -55 = -y - 4*v, -y + 5*v = 3*y - 304. What is the remainder when y is divided by ((16/(-72))/(43/258))/(4/(-183))?
10
Let m = 8831 - 8828. Calculate the remainder when 758 is divided by m.
2
Suppose 26*f + 115 = 2*l + 27*f, 3*f - 291 = -5*l. What is the remainder when 585 is divided by l?
45
Let a = 3173 - 3001. What is the remainder when a is divided by 20?
12
Suppose -8*j + 2992 = 3*j. Suppose 14*r - j = 288. What is the remainder when 118 is divided by r?
38
Let q = -33 + 50. Suppose 3*j - q - 53 = -w, 4*j = 5*w + 106. Let t(c) = -c**2 + 25*c + 8. Calculate the remainder when 93 is divided by t(j).
29
Let m(i) = 3*i**2 - 2*i - 11. Let o(l) = 9*l**3 + 3*l**2 + 3*l + 1. Let u be o(-1). Suppose 178 - 409 = -7*q. What is the remainder when m(u) is divided by q?
32
Let y(c) = 65*c + 4369. What is the remainder when y(-66) is divided by 66?
13
Let f(r) = r**3 + 45*r**2 - 64*r - 92. Calculate the remainder when f(-46) is divided by 153.
124
Suppose 0 = r + 1, 4*a - 2*r = -0*a + 730. Let d = -119976 - -119999. What is the remainder when a is divided by d?
21
Let h = 244 - 520. Let t = -108 - h. Calculate the remainder when t is divided by 19.
16
Suppose i = 6*i - 65. Let p = 20 - i. Suppose 133 = 4*g - p. Calculate the remainder when 69 is divided by g.
34
Suppose -2*k + 4 = -0*k. Suppose k*x = -0*x, 2*s = 5*x + 58. Suppose -5*j - 65 = -3*c, 0 = 4*j + 8 + 8. What is the remainder when s is divided by c?
14
Let t(d) = 4*d + 38. Let r(q) = -10*q - 77. Let x(k) = 3*r(k) + 7*t(k). Calculate the remainder when 120 is divided by x(-13).
59
Suppose -3*v + 2*l = -1142, v - l = l + 382. Let m = v + -373. What is the remainder when 2/(-6) + (-100)/(-3) is divided by m?
5
Suppose 0 = -2*m - 9*m + 3410. Let j = m - 269. What is the remainder when 489 is divided by j?
38
Let u be (-10)/75 - (-77)/15. Suppose 3*q = 7*q - h - 154, -h = -u*q + 192. Calculate the remainder when q is divided by 13.
12
Suppose -3*z + 91 + 68 = -2*p, 0 = -5*z + 3*p + 266. Suppose -6*l - 191 - 175 = 0. Let a = l + 76. What is the remainder when z is divided by a?
10
Let z = 311 - 255. Suppose 5*u = f - 14 - 5, 4*f - 38 = u. Calculate the remainder when z is divided by f.
2
Suppose -2*v + 5 = -5*y, 3*v + 4*y - 5 = 14. Suppose -38 = -d + 5*x, x + x + 121 = v*d. Calculate the remainder when 90 is divided by d.
21
Let v(m) = 20*m - 5. Let r be v(2). Let l = -35 + r. Suppose -4*i + 2*j + 42 = l, i = -j - j + 3. Calculate the remainder when 44 is divided by i.
8
Let a(w) = -499*w + 191. What is the remainder when 939 is divided by a(0)?
175
Suppose -333*q - 182 = -3*v - 332*q, -v = 2*q - 56. What is the remainder when v is divided by 14?
4
Suppose 43*k - 17472 = -48*k. Calculate the remainder when k is divided by 80.
32
Suppose -288 - 112 = 5*g. Let q = 203 - 84. Calculate the remainder when q is divided by (g/6 + 0)/(82/(-123)).
19
Suppose 7*s - 315 - 1849 = 748. Calculate the remainder when s is divided by 99.
20
Let r = 322 + -317. Suppose -4*a = -5*k - 56 - 81, -r*k + 94 = 3*a. What is the remainder when 162 is divided by a?
30
Suppose -2*p + 3*b = -919, 2742 = -8*p + 14*p - 4*b. Suppose 3*g = 2*o - o + p, 0 = -3*g - 2*o + 440. What is the remainder when g is divided by 43?
21
Suppose -229 = -2*b + 3*x + 71, 5*b + 5*x - 825 = 0. Calculate the remainder when 630 is divided by b.
153
Let v(o) = -59*o**3 - 3*o**2 - 28*o - 44. What is the remainder when v(-2) is divided by 29?
8
Suppose 373*p - 423*p = -7750. What is the remainder when p is divided by 147?
8
Suppose -3*u = -o - 8, 0*u - 10 = 5*u + 3*o. Suppose -6*r = -4*r - j - 13, 0 = -j - u. Suppose -15 - 57 = -r*x. What is the remainder when 21 is divided by x?
9
Let c(m) = -745*m**2 + 4521*m + 8. Calculate the remainder when c(6) is divided by 123.
68
Suppose 1124 = 4*h + 3*p - 369, -3*p + 1119 = 3*h. Calculate the remainder when h is divided by (-570)/(-21) - 6/10*130/546.
23
Let j = 128 + -117. Suppose 15*u = j*u + 124. Let x(z) = -6*z**3 + 3*z**2 - 1. What